e prime factors of z(17)?
2, 5
Let w(p) = -p - 2. Let r be w(-2). Suppose -5*g + 80 = -5*o, r = 2*g - o - 35 + 7. What are the prime factors of g?
2, 3
Let t = 191 + -111. What are the prime factors of t?
2, 5
Suppose -2*a + g + 69 = 0, -5*a + 3*g = -124 - 51. List the prime factors of a.
2
Let r(h) = 26*h**2 - h. Let w be r(1). Suppose -w - 27 = -2*o. What are the prime factors of o?
2, 13
Suppose -4*i + 12 = -2*i + 4*f, i + 2 = 2*f. Suppose 0*x + 10 = -5*x, 0 = -5*b + i*x + 79. List the prime factors of b.
3, 5
Let d = -50 - -142. What are the prime factors of d?
2, 23
Let g(f) = f**3 + 7*f**2 + 5*f + 1. Let q be g(-6). Let s(x) = -2*x**2 - 4*x + 5. Let a be s(-4). Let m = q - a. List the prime factors of m.
2, 3
Let c(z) = -z**2 - 16*z - 2. List the prime factors of c(-5).
53
Let b = -40 + -17. Let v = -24 - b. What are the prime factors of v?
3, 11
Let q(r) = -r**3 - r + 1. Let b(p) = 5*p**3 + 5*p**2 + 8*p - 9. Let a(d) = -b(d) - 6*q(d). List the prime factors of a(6).
3
Let q = 17 - 7. What are the prime factors of q?
2, 5
Let n(k) = k**3 - 6*k**2 + 4*k + 6. List the prime factors of n(6).
2, 3, 5
Let u be (-24)/20*15*-2. Suppose 94 = 5*g - 11. Let k = u - g. What are the prime factors of k?
3, 5
Let x = 26 + -18. What are the prime factors of x?
2
Suppose 6*z = 3*z - 5*g + 176, 5*z - 330 = -g. List the prime factors of z.
67
Suppose 0 = 2*t - 5*t. Suppose t = -2*s + q + 7, -7*q = -5*s - 3*q + 10. Suppose -4*r + 10 + s = 0. List the prime factors of r.
2
Let w(d) = 9*d + 4. List the prime factors of w(13).
11
Let x(y) = 4*y + 3. Let t be x(-3). Let f = -6 - t. List the prime factors of 4 - f - (-14 - 0).
3, 5
Let a be 2*3/2 - 1. Suppose -8 = -5*l + a. Suppose n - 15 = -l*n. List the prime factors of n.
5
Let l = 3 + -13. List the prime factors of (-2)/l - 102/(-15).
7
Suppose 15 = -3*w, -5*g = -3*w + 4*w - 295. List the prime factors of g.
2, 3, 5
Suppose 5 = r, 4*i - i + 3*r - 375 = 0. Suppose 3*p - 54 + 174 = 4*c, 0 = 4*c + 4*p - i. Let x = c - 13. What are the prime factors of x?
17
Suppose 4*l = b + 1000, 0 = -0*l - l + b + 250. List the prime factors of l.
2, 5
Let g(k) = 3*k + 5. Let x be g(-5). Suppose 4*y - 4*o = 88, -2*o + 19 + 3 = y. Let c = x + y. What are the prime factors of c?
2, 3
Let m be (1 - 2)*(8 + -26). Let g = 0 - -2. Suppose -g*z + 5*z - m = 0. What are the prime factors of z?
2, 3
What are the prime factors of 4 + (-375 - 5)/(-4)?
3, 11
Let w(x) = 2*x - 2. Let v be w(10). Let m = v - 12. Let a = m + -4. What are the prime factors of a?
2
Let y(h) = -12*h + 4. Suppose 0 = 2*f - 2*o + 4 - 0, -5*o = f + 2. List the prime factors of y(f).
2, 7
Suppose -3*b + 3*p + 51 = 0, -4*b + 2*b + 3*p = -39. Let y = b - 8. List the prime factors of y + -2 - (-4)/2.
2
Suppose 5*z = -4*v + 25, -v + 2*z + 4 - 1 = 0. Suppose 5*k - 11 = -0*d - 4*d, 0 = d - 5*k - 9. Suppose t = d + v. List the prime factors of t.
3
What are the prime factors of -4*((-1006)/28 + 18/42)?
2, 71
Let y = 28 + -11. Let w = y - 9. What are the prime factors of w?
2
Suppose 5*q + 4 + 1 = 0. Let g be 3*(2*-1 - q). List the prime factors of (-23)/(-3) - 1/g.
2
Let s = -19 + 28. Suppose -5*b + s = -n - 0*n, -5*b = -5*n + 55. List the prime factors of n.
2
Let x be -1*(-7)/((-14)/24). Let v = 22 + x. List the prime factors of (-12)/v*(-10)/3.
2
Suppose -3*t + 3 = 3*u, -4*u + 8*u - 3 = -3*t. Suppose 4*r = 7*z - 4*z + 51, u = -3*r + 4*z + 33. What are the prime factors of r?
3, 5
List the prime factors of ((-520)/25)/(4/(-10)).
2, 13
Suppose 20*q - 24*q + 412 = 0. What are the prime factors of q?
103
Let k be ((-4)/(-1))/((-16)/232). Let n = -36 - k. List the prime factors of n.
2, 11
Let z be (-4)/((1 - 0)*-2). Suppose 3 = -g + z*g. List the prime factors of g.
3
Let g(m) = -m**3 - 2*m**2 + 5*m - 3. Let p(x) = -3*x**3 - 7*x**2 + 14*x - 8. Let h(l) = 11*g(l) - 4*p(l). List the prime factors of h(-6).
5
Suppose 0 = 2*u, 2*j - 2*u - 42 - 4 = 0. Let f be (1 - j)*1/(-2). Let s = -1 + f. List the prime factors of s.
2, 5
Let g = -9 + 16. Let v(p) = p**3 - 6*p**2 - 6*p - 5. List the prime factors of v(g).
2
Let o(v) be the third derivative of -v**5/60 - 7*v**4/24 + v**2. Let c be o(-5). Suppose 0*k + 5*k = c. What are the prime factors of k?
2
Let u(g) = 8*g + 4. Let j = 1 + 4. Let c be u(j). Suppose 40 = -2*m + 5*m - r, 5*r + c = 2*m. List the prime factors of m.
2, 3
Suppose -5*l = -2*g - 8 + 1, 5*l = -g + 19. Suppose 0 = g*a - 9*a + 50. List the prime factors of a.
2, 5
Let n(t) = t**2 - 12*t + 20. What are the prime factors of n(14)?
2, 3
Let n be (-3)/((-3 + 2)*1). Suppose -17 = -2*s - n. List the prime factors of s.
7
Let p(v) = 2*v**2 + 3*v + 1. Let k be p(-2). Suppose r = -k*x - 1, 4*r = 5*x + 1 - 5. List the prime factors of r - (12 + 0)/(-3).
3
Suppose 4*i + i = 10. Let g = 4 - 4. Suppose 22 = -g*f + i*f. List the prime factors of f.
11
Suppose u + 248 = 4*c - u, u = 5*c - 304. What are the prime factors of c?
2, 3, 5
Let z(x) = -x**3 + 3*x**2 - 4*x + 8. Let b = 7 - 13. Let l be z(b). What are the prime factors of (-2)/(-9) - l/(-18)?
2, 5
Let y(m) = m + 11. Let q be y(-9). Let b(d) = 0*d**q + d**3 - 3 + 2*d + 2*d - 2*d**2. List the prime factors of b(3).
2, 3
Suppose 3*n + 3*o = 7*o + 1, 4*n + 3*o = 18. Suppose 11 = 2*q + 3*w, q - w - n = -0*w. Suppose -q*l + 2 = -26. List the prime factors of l.
7
Let i be ((-1)/3)/(3/(-513)). Let u = i - 26. What are the prime factors of u?
31
Let w = 54 + -36. Let k = 31 - w. What are the prime factors of k?
13
Suppose 0*t = -t + 14. Let i = t + -8. List the prime factors of i.
2, 3
Suppose 2*v - 363 = -3*r, 4*r - 357 = -v + 132. List the prime factors of r.
3, 41
Let d(z) = z**2 - 8*z + 1. Let g be d(4). Suppose -48 = 4*u - 0*o + 4*o, 0 = -4*u - 2*o - 38. Let c = u - g. List the prime factors of c.
2
Let g(w) = w**3 + w**2 - 3*w + 1. Let j be g(3). Suppose 15 = v - j. List the prime factors of v.
43
Let k be (85 + 1)*(-5)/(-10). Suppose -13 = l - k. Let h = -20 + l. What are the prime factors of h?
2, 5
Suppose h = 2*g + 8, -5*g + g - 5*h = 2. Let i be (g/(-6))/(1/18). Suppose v - 5*n + 3 = -i, -4*n = 3*v - 40. What are the prime factors of v?
2
List the prime factors of (-9)/18 + 1082/4.
2, 3, 5
List the prime factors of 5/(-20)*6*268/(-3).
2, 67
Let b(q) be the first derivative of -6*q**2 - q + 2. Let k(w) = w. Let n(i) = -b(i) - k(i). List the prime factors of n(1).
2, 3
Suppose 5*i - 25 = -0*t - 5*t, -3*t - 4*i = -15. Let y(g) = -1 - 3 + g**2 - 4 - t*g. List the prime factors of y(7).
2, 3
Suppose 0 = -5*h - 5*k + 210, 4*k = -h - h + 92. Suppose 4*z - j - 168 = -h, -j + 158 = 5*z. List the prime factors of z.
2
Let r = -25 - -4. Let l = -15 - r. What are the prime factors of l?
2, 3
Suppose 0 = 3*b + 2 - 11. Suppose -8*o - 5 = -b*o. List the prime factors of (0 - 3) + o + 11.
7
Let d = -1 - -5. Let f = d + 0. List the prime factors of f.
2
Let z = 111 + -60. What are the prime factors of z?
3, 17
What are the prime factors of 12/72 + 370/12?
31
Suppose -15 = 3*a, -o = -0*o + 5*a + 15. Suppose z - 4 = 0, -4*x - z + o = -2. List the prime factors of x.
2
Suppose 2*h + 3*k = 175, 5*h - 273 = -2*k + 148. What are the prime factors of h?
83
Let x(z) = -7 - 2*z + 0*z + 1 + 0. What are the prime factors of x(-8)?
2, 5
Let f be (-10)/15 + (-7)/3. Let o be (-7)/(-2*f/(-18)). Suppose 18 = 5*c - a, 0 = 5*c - 0*c - 2*a - o. List the prime factors of c.
3
Let h = -5 + 9. Suppose 4*w + 24 = h*i, 0 = -3*i + 6*i + 4*w - 11. What are the prime factors of i?
5
Let q = -11 - -21. Suppose -4*n + 2*n + q = 0. What are the prime factors of n?
5
Suppose q + 12 = 4*c, 3*q + c = -c + 6. Suppose 4*g - g - 6 = q, -4*r + 4*g + 204 = 0. What are the prime factors of r?
53
List the prime factors of 2/(-12) + 847/42.
2, 5
Suppose 8 = 2*q, -3*i = -3*q + 4*q - 130. What are the prime factors of i?
2, 3, 7
Let k be ((-4)/(-32)*4)/(1/8). Suppose -2*x + 99 = 33. Suppose 2*f - 2*l - 20 = -0*f, k*f + 3*l = x. List the prime factors of f.
3
Let b(c) = 5*c - 1 + 2*c + 2*c. Let j be b(-2). Let k = j - -34. What are the prime factors of k?
3, 5
List the prime factors of ((-10)/(-2))/(2/18).
3, 5
Let g be (-57)/2*(-4)/3. Suppose -3*r + 2*t = -2*t - g, 3*t - 44 = -5*r. What are the prime factors of r?
2, 5
Suppose -3*v + 284 = 5*w + v, -2*w + v = -124. List the